.
12
Suppose -10*m + 5*m = -f + 1060, 5*m - 1030 = -f. Calculate the greatest common divisor of f and 95.
95
Let r be ((-6)/(-12) + 1)*16/6. Suppose 0 = 2*x - r*z - 144, -4*x + 3*z - 22 = -305. What is the highest common factor of 10 and x?
10
Let z = 63 + -62. Let i be (80/15 + -1)/(z/3). Let f(j) = 9*j - 6. Let w be f(5). Calculate the highest common divisor of w and i.
13
Suppose j - 2*j = -2*s + 121, 5*j + 125 = 2*s. Calculate the greatest common divisor of 100 and s.
20
Suppose 41*w + 1365 = 44*w. What is the greatest common factor of w and 35?
35
Suppose -z = -4*o + 14, -o = 4*z + z - 35. Let g = -1 + 3. Suppose -g*u = -u + 4*a - 60, -3*u - 2*a + 180 = 0. What is the greatest common factor of z and u?
6
Let k = 17 - 1. Let z = -15 + 20. Suppose z = 4*y - 3. Calculate the highest common divisor of y and k.
2
Let o be (-12)/1*(-20)/16. Let v be ((-2)/6)/((-1)/o). Suppose -u = h - 130 + 36, -v*u - h + 454 = 0. Calculate the greatest common divisor of 15 and u.
15
Suppose 5*w - 93 = 4*t, 2*w - 4*t + 117 = 7*w. Let n = 77 + 91. What is the highest common divisor of w and n?
21
Let v(m) = 7*m**2 + 2*m + 3. Let k be v(-3). Suppose 125 = -4*y + 2*z + 221, -2*z = 0. What is the highest common factor of y and k?
12
Suppose -558*u = -562*u + 160. What is the highest common divisor of 380 and u?
20
Let k(s) = 12*s**2 + 4*s + 5. Let g be k(-2). Suppose 7*i - 2*i = g. Calculate the highest common divisor of 9 and i.
9
Let z = -30 - -28. Let h be (z/(-6))/(4 - (-908)/(-228)). Calculate the highest common factor of 19 and h.
19
Let d = 23 - -10. Calculate the greatest common divisor of d and 561.
33
Let z be (240/14)/(-2 - 60/(-28)). Calculate the greatest common divisor of z and 24.
24
Suppose -31 = -5*g + 3*l, 5*l + 1 = -g - 4. Suppose -4*j - j - a + 6 = 0, 0 = -g*j + 5*a. Suppose j + 1 = q. Calculate the greatest common factor of 3 and q.
1
Let h(m) = -66*m + 33. Let f be h(8). Let o be (1 - (-1 + 4))/(9/f). Calculate the highest common divisor of 20 and o.
10
Let c = -67 - -124. Let k = 71 - c. Suppose -3*n - 5*o + 6 = -4*n, -2*n + 3*o = -16. Calculate the highest common divisor of k and n.
14
Let a(b) = -b**3 + 4*b**2 + 5*b + 4. Let v be a(5). Let d = -33 + 77. What is the highest common factor of d and v?
4
Suppose 8*z = 2*z. Let y be z/1 - (-6 - -4). Suppose x + 4*u = 10, y*x = -3*x - u + 50. Calculate the greatest common factor of x and 70.
10
Let g = 10 - 5. Suppose c + 1 = 5*d + 2, 3*c - 43 = g*d. Let j = 36 - c. What is the highest common factor of 60 and j?
15
Let s(r) = 3*r**2 + 12*r + 19. Let m = 70 + -74. Let x be s(m). Calculate the greatest common factor of 19 and x.
19
Suppose -5*u + 2*x + 1 = -3, 5*u = -x + 13. Suppose 0 = -u*q + 5*q - 54. Calculate the greatest common factor of 36 and q.
18
Suppose 6*l - 904 = 2*x, 0 = 2*l + 4*x + 64 - 356. Calculate the greatest common factor of l and 165.
15
Suppose -4*k = n + 6, 6*k - 3*k = -5*n + 4. Suppose n*r + 125 = 3*r. Calculate the highest common divisor of 50 and r.
25
Suppose 3*p - 5*o - 2199 = 0, -10 = -5*o + 5. What is the highest common factor of 36 and p?
18
Suppose -30 = -36*f + 38*f. Let i be (-3 + (f/9 - -4))*-9. Calculate the greatest common factor of i and 102.
6
Let z be (4/12)/(1/30). Suppose 0 = 5*v + z - 485. Calculate the greatest common divisor of 38 and v.
19
Suppose -4*x = 4*j - 76 + 16, -5*x + 5*j = -85. Suppose -6*z + z + 80 = 0. Calculate the highest common factor of x and z.
16
Suppose -2 = -i, -5*i + 10 = -n - 4*n. Suppose n = -4*j + 126 + 378. Let t = -7 + 25. Calculate the highest common divisor of t and j.
18
Let h(n) = n + 4. Let v be h(-8). Let o be (-28)/(-1 - v/12). Suppose -3 = -5*y + 27. What is the highest common divisor of o and y?
6
Let d(j) = -j**3 - 15*j**2 - 21*j. Let o be d(-15). Calculate the highest common factor of o and 252.
63
Suppose w - 67 + 27 = 0. Let t(a) = a**3 - 8*a**2. Let v be t(8). Let k be -16*(1 - v)/(-2). Calculate the greatest common divisor of k and w.
8
Suppose 15 + 15 = 2*l. Suppose 3*f = -12, 0 = -t - 3*f + 37 + l. Calculate the greatest common factor of 16 and t.
16
Suppose 16*y - 121 = 167. Suppose 2*t - 64 = 2*s, 172 = 6*t - t - 2*s. What is the greatest common divisor of t and y?
18
Let m be (4 - 0)/1 + 196 + 185. Calculate the highest common divisor of m and 154.
77
Let b be (37 + -27)*34/10. What is the highest common factor of 34 and b?
34
Let o(m) = 20*m - 15 - 15*m - 7*m. Suppose -26 = 2*d + z, 4*d - d + 40 = -z. Let l be o(d). Calculate the greatest common divisor of 143 and l.
13
Let g be (-30)/(-25)*40/3. Calculate the highest common factor of g and 64.
16
Let p(k) = k**2 + 3*k + 3. Let t be p(-5). Let x be (-4)/(-28) - (-3072)/56. Let d = x + t. What is the greatest common divisor of 17 and d?
17
Let j = 61 - 58. Let i be 4/26 + (-1106)/91. Let n be (1 - 3)/(i/54). What is the highest common factor of n and j?
3
Let z(y) = -y**3 + 15*y**2 - 2*y + 35. Let q be z(15). Let u be 144/10 + (-2)/q. What is the greatest common divisor of u and 56?
14
Suppose 1090 + 525 = 19*o. What is the highest common factor of o and 34?
17
Let f = -147 - -256. Suppose -4*u + f = -w, 3*w + 9 = -6. Suppose 0 = 5*v - 39*v + 1326. Calculate the highest common divisor of u and v.
13
Suppose 0 = 5*h - 24 + 4. Suppose -h*m + 84 = -28. Suppose 7 = 3*c - 2*c. Calculate the highest common factor of c and m.
7
Let p be (-1)/(-2*(-1)/(-58)). Let u(o) = -54*o - 939. Let j be u(-19). Calculate the highest common factor of j and p.
29
Let b(n) = -n**3 - 8*n**2 + 9*n + 6. Let p be b(-9). Suppose -p = -o + 1. What is the greatest common factor of 14 and o?
7
Let s(i) = 36*i + 38. Let k be s(11). What is the greatest common factor of k and 14?
14
Suppose -5*q - 3 = -208. Suppose -3*f - 9 = 0, 0 = -4*x + 2*f + 21 + q. Let t be -28*1/(-1 - 0). What is the greatest common divisor of x and t?
14
Let w = 144 + -95. What is the greatest common factor of 196 and w?
49
Suppose -4680 = 10*g - 15*g. Suppose -2*i = 2*i - g. Suppose 4*k - 3*k + i = 4*a, -a + 60 = -k. What is the greatest common factor of a and 87?
29
Suppose 40*x - 4116 = 124. Suppose -2*i = -3*q + 18 + 16, 0 = -5*q - i + 35. Let j be x/q - (-3)/(-12). What is the highest common divisor of 104 and j?
13
Suppose -13 - 22 = 7*h. Let f be 4/h*(0 - 55/1). Calculate the greatest common divisor of 44 and f.
44
Let p(f) = -f**3 + 6*f**2 - 5*f. Let i be p(4). Let w = 3560 + -3557. Calculate the greatest common divisor of w and i.
3
Let q(h) = -h**3 + 36*h**2 - 35*h + 37. Let k be q(35). What is the highest common divisor of k and 259?
37
Let q = 56 + -28. Suppose 2*f - 15 = -f. Suppose 1 = -4*v + 2*k + 23, 4*v = f*k + 31. Calculate the highest common divisor of q and v.
4
Suppose -12*k + 4*k = -48. What is the highest common divisor of k and 246?
6
Suppose -355*r - 7 = -356*r. What is the greatest common factor of r and 14?
7
Let h(n) = n**3 + 18*n**2 + 40*n. Let c be h(-14). What is the highest common divisor of c and 14?
14
Suppose 15 = -5*j, 92 + 103 = 3*i - j. Suppose i + 104 = 6*o. Let c = -15 + o. Calculate the greatest common factor of c and 13.
13
Let a(f) = -6*f**3 - f**2 + 21*f + 6. Let i be a(-6). Calculate the highest common factor of 24 and i.
12
Let w = 3 + 7. Suppose -3*y = 3*v - 0*v - 27, 5*y + v - 65 = 0. Suppose y = 2*j - 46. What is the highest common factor of j and w?
10
Let b be 14/49 - (-340)/(-14). Let l = -20 - b. Let g be l/((-24)/(-4) + -4). Calculate the greatest common divisor of g and 8.
2
Let i(n) = 8*n**3 - 3*n**2 + 3*n + 3. Let g be i(4). Suppose x + 283 = 3*c, x = 5*c + 3*x - g. Calculate the greatest common factor of c and 19.
19
Let u be (0 - (0 - -2))*3/(-2). Suppose 765 = 5*f + u*i, -10 = -0*i + 2*i. What is the highest common factor of f and 12?
12
Suppose -12*c = -6*c - 312. Let k = c - 51. Calculate the greatest common factor of 2 and k.
1
Suppose 3*l + 78 + 57 = 0. Let o = -193 - l. Let r = o + 218. What is the greatest common divisor of r and 14?
14
Let h = -16478 + 16480. Let k(d) = d**3 - d**2 - 3*d - 4. Let m be k(4). What is the greatest common divisor of h and m?
2
Let g(u) = 2 + u**3 - u + u**2 - 6 + 4*u**2 + 0*u**3. Suppose 3*b + 0*b = 2*s - 19, s = 2. Let c be g(b). Calculate the greatest common factor of 8 and c.
1
Suppose 0 = -4*v + 35 - 15. Suppose w